{"id":313472,"date":"2022-11-15T15:06:42","date_gmt":"2022-11-15T14:06:42","guid":{"rendered":"https:\/\/greenowl.fr\/blog\/?page_id=313472"},"modified":"2022-11-15T15:06:42","modified_gmt":"2022-11-15T14:06:42","slug":"a-propos","status":"publish","type":"page","link":"https:\/\/greenowl.fr\/blog\/a-propos\/","title":{"rendered":"Green Owl Magazine"},"content":{"rendered":"<h1 style=\"text-align: center;\">\u00c0 propos de Green Owl Magazine<\/h1>\n<p>D\u00e9couvrez <strong>Green Owl Magazine<\/strong>, le blog d\u00e9di\u00e9 \u00e0 l\u2019actualit\u00e9 du CBD. Vous y trouverez des conseils, astuces, recettes et interviews de professionnels du chanvre et du bien-\u00eatre. Le cannabidiol n\u2019aura bient\u00f4t plus de secret pour vous.<\/p>\n<h2>Le meilleur de l\u2019actualit\u00e9 du CBD<\/h2>\n<p>Green Owl Magazine r\u00e9sume tout ce que vous devriez savoir sur le chanvre et le CBD. Quelle est l&#8217;actualit\u00e9 l\u00e9gale concernant le CBD\u202f? Quelles sont les avanc\u00e9es scientifiques\u202f? Quels b\u00e9n\u00e9fices pour la sant\u00e9 et le bien-\u00eatre peuvent apporter les cannabino\u00efdes et le CBD en particulier\u202f? Green Owl Magazine r\u00e9pond \u00e0 toutes vos questions.<\/p>\n<p>Le cannabis est une plante d\u2019une grande richesse, mais ses vertus restent encore m\u00e9connues du public, car la plante souffre d\u2019une image n\u00e9gative, trop souvent associ\u00e9e aux stup\u00e9fiants. Pourtant, le CBD est une mol\u00e9cule du chanvre 100% l\u00e9gale en France. Sur Green Owl Magazine, vous trouverez des conseils pour une utilisation optimale du CBD, de l\u2019information v\u00e9rifi\u00e9e concernant sa l\u00e9gislation et des informations sourc\u00e9es pour mieux la consommer.<\/p>\n<p>Dans les lignes de ce blog, vous profiterez de l\u2019expertise de nos responsables boutiques, qui vous livreront des conseils de professionnels et vous guideront vers les meilleurs produits CBD. Vous y trouverez des astuces et conseils bien-\u00eatre, des recettes, des interviews, et d\u2019autres formats inspirants concernant l\u2019utilisation du CBD.<\/p>\n<p><img loading=\"lazy\" decoding=\"async\" class=\"aligncenter size-full wp-image-313478\" src=\"http:\/\/greenowl.fr\/blog\/wp-content\/uploads\/2022\/11\/chien-stresse-et-cbd-7.jpg\" alt=\"\u00e9quipe Green Owl\" width=\"760\" height=\"430\" srcset=\"https:\/\/greenowl.fr\/blog\/wp-content\/uploads\/2022\/11\/chien-stresse-et-cbd-7.jpg 760w, https:\/\/greenowl.fr\/blog\/wp-content\/uploads\/2022\/11\/chien-stresse-et-cbd-7-300x170.jpg 300w\" sizes=\"auto, (max-width: 760px) 100vw, 760px\" \/><\/p>\n<h2>Une \u00e9quipe de r\u00e9daction experte du cannabidiol<\/h2>\n<p>L\u2019\u00e9quipe r\u00e9dactionnelle de Green Owl Magazine est compos\u00e9e de professionnels du CBD. Leur but : vous \u00e9clairer sur le chanvre et ses vertus.<\/p>\n<p>De nouveaux formats viennent r\u00e9guli\u00e8rement enrichir Green Owl Magazine, notamment des t\u00e9moignages de clients sur leur consommation de CBD, ce que leur apporte la mol\u00e9cule et comment elle les a aid\u00e9s au quotidien. Ces interviews sont \u00e0 retrouver sous forme d\u2019articles et de podcasts pour une plus large diffusion.<\/p>\n<p>Que vous soyez curieux de cette mol\u00e9cule ou que vous soyez d\u00e9j\u00e0 un consommateur averti, vous trouverez ici de l\u2019information claire et vulgaris\u00e9e pour savoir comment am\u00e9liorer votre bien-\u00eatre, celui de votre entourage ou de vos animaux de compagnie gr\u00e2ce au chanvre et \u00e0 ses produits d\u00e9riv\u00e9s.<\/p>\n<p>Restez \u00e0 l\u2019\u00e9coute, ces nouveaut\u00e9s arrivent bient\u00f4t et sont \u00e0 retrouver sur nos r\u00e9seaux sociaux \u00e9galement.<\/p>\n","protected":false},"excerpt":{"rendered":"<p>\u00c0 propos de Green Owl Magazine D\u00e9couvrez Green Owl Magazine, le blog d\u00e9di\u00e9 \u00e0 l\u2019actualit\u00e9 du CBD. Vous y trouverez des conseils, astuces, recettes et interviews de professionnels du chanvre et du bien-\u00eatre. Le cannabidiol n\u2019aura bient\u00f4t plus de secret pour vous. Le meilleur de l\u2019actualit\u00e9 du CBD Green Owl Magazine r\u00e9sume tout ce que<\/p>\n","protected":false},"author":2,"featured_media":0,"parent":0,"menu_order":0,"comment_status":"closed","ping_status":"closed","template":"page-right-sidebar.php","meta":{"inline_featured_image":false,"footnotes":""},"class_list":["post-313472","page","type-page","status-publish","hentry"],"_links":{"self":[{"href":"https:\/\/greenowl.fr\/blog\/wp-json\/wp\/v2\/pages\/313472","targetHints":{"allow":["GET"]}}],"collection":[{"href":"https:\/\/greenowl.fr\/blog\/wp-json\/wp\/v2\/pages"}],"about":[{"href":"https:\/\/greenowl.fr\/blog\/wp-json\/wp\/v2\/types\/page"}],"author":[{"embeddable":true,"href":"https:\/\/greenowl.fr\/blog\/wp-json\/wp\/v2\/users\/2"}],"replies":[{"embeddable":true,"href":"https:\/\/greenowl.fr\/blog\/wp-json\/wp\/v2\/comments?post=313472"}],"version-history":[{"count":4,"href":"https:\/\/greenowl.fr\/blog\/wp-json\/wp\/v2\/pages\/313472\/revisions"}],"predecessor-version":[{"id":313482,"href":"https:\/\/greenowl.fr\/blog\/wp-json\/wp\/v2\/pages\/313472\/revisions\/313482"}],"wp:attachment":[{"href":"https:\/\/greenowl.fr\/blog\/wp-json\/wp\/v2\/media?parent=313472"}],"curies":[{"name":"wp","href":"https:\/\/api.w.org\/{rel}","templated":true}]}}